{"id":157,"date":"2018-05-18T15:27:34","date_gmt":"2018-05-18T15:27:34","guid":{"rendered":"https:\/\/eyecaptain.de\/?page_id=157"},"modified":"2021-10-06T10:09:22","modified_gmt":"2021-10-06T10:09:22","slug":"team","status":"publish","type":"page","link":"https:\/\/eyecaptain.de\/?page_id=157","title":{"rendered":"Team"},"content":{"rendered":"\n[et_pb_section fb_built=&#8220;1&#8243; fullwidth=&#8220;on&#8220; _builder_version=&#8220;4.7.4&#8243; _module_preset=&#8220;default&#8220; hover_enabled=&#8220;0&#8243; sticky_enabled=&#8220;0&#8243;][et_pb_fullwidth_header title=&#8220;Unser Team&#8220; text_orientation=&#8220;center&#8220; header_scroll_down=&#8220;on&#8220; admin_label=&#8220;Vollbreite Kopfzeile&#8220; module_id=&#8220;header&#8220; _builder_version=&#8220;4.7.4&#8243; _module_preset=&#8220;default&#8220; title_text_align=&#8220;center&#8220; title_line_height=&#8220;1.2em&#8220; content_font_size=&#8220;15px&#8220; subhead_text_align=&#8220;center&#8220; background_color=&#8220;#000000&#8243; custom_button_one=&#8220;on&#8220; button_one_use_icon=&#8220;off&#8220; custom_button_two=&#8220;on&#8220; button_two_use_icon=&#8220;off&#8220; custom_padding=&#8220;||100px||false|false&#8220; hover_enabled=&#8220;0&#8243; title_font_size_tablet=&#8220;&#8220; title_font_size_phone=&#8220;24px&#8220; title_font_size_last_edited=&#8220;on|phone&#8220; content_text_color_tablet=&#8220;&#8220; content_text_color_phone=&#8220;&#8220; content_text_color_last_edited=&#8220;on|phone&#8220; custom_css_header_container=&#8220;width:100%;&#8220; custom_css_title=&#8220;background-color:rgba(0,0,0,.5);||padding:1.3em;||&#8220; custom_css_content=&#8220;padding:1.3em;||background-color:rgba(0,0,0,.5);||padding-top:0;&#8220; custom_css_button_1=&#8220;width:40%;||max-width:250px;&#8220; custom_css_button_2=&#8220;width:40%;||max-width:250px;&#8220; custom_css_button_1_last_edited=&#8220;on|desktop&#8220; custom_css_button_1_tablet=&#8220;width:40%;||max-width:250px;&#8220; custom_css_button_1_phone=&#8220;width:100%;||margin-right:0;||margin-left:0;&#8220; custom_css_button_2_last_edited=&#8220;on|phone&#8220; custom_css_button_2_phone=&#8220;width:100%;||margin-right:0;||margin-left:0;&#8220; background_enable_video_mp4=&#8220;off&#8220; title_text=&#8220;IMG_20180628_121047&#8243; background_image=&#8220;http:\/\/eyecaptain.de\/wp-content\/uploads\/2021\/04\/IMG_20180628_121047-scaled.jpg&#8220; sticky_enabled=&#8220;0&#8243; button_one_url=&#8220;mailto: info@eyecaptain.de&#8220;]<p>Bei EyeCaptain arbeiten Leute aus ganz verschiedenen Bereichen: Medizintechik, Gesundheitswissenschaft, Psychologie, Software- und Hardware-Entwicklung.<\/p>\n<p>Du willst uns helfen, mehr Autonomie f\u00fcr alle zu erm\u00f6glichen? Meld dich bei uns!<\/p>[\/et_pb_fullwidth_header][\/et_pb_section][et_pb_section fb_built=&#8220;1&#8243; _builder_version=&#8220;4.7.4&#8243; _module_preset=&#8220;default&#8220; custom_padding=&#8220;||15px|||&#8220;][et_pb_row _builder_version=&#8220;4.7.4&#8243; _module_preset=&#8220;default&#8220;][et_pb_column _builder_version=&#8220;4.7.4&#8243; _module_preset=&#8220;default&#8220; type=&#8220;4_4&#8243;][et_pb_team_member name=&#8220;Max Besold&#8220; image_url=&#8220;data:image\/svg+xml;base64,PHN2ZyB3aWR0aD0iNTAwIiBoZWlnaHQ9IjUwMCIgdmlld0JveD0iMCAwIDUwMCA1MDAiIHhtbG5zPSJodHRwOi8vd3d3LnczLm9yZy8yMDAwL3N2ZyI+CiAgICA8ZyBmaWxsPSJub25lIiBmaWxsLXJ1bGU9ImV2ZW5vZGQiPgogICAgICAgIDxwYXRoIGZpbGw9IiNFQkVCRUIiIGQ9Ik0wIDBoNTAwdjUwMEgweiIvPgogICAgICAgIDxyZWN0IGZpbGwtb3BhY2l0eT0iLjEiIGZpbGw9IiMwMDAiIHg9IjY4IiB5PSIzMDUiIHdpZHRoPSIzNjQiIGhlaWdodD0iNTY4IiByeD0iMTgyIi8+CiAgICAgICAgPGNpcmNsZSBmaWxsLW9wYWNpdHk9Ii4xIiBmaWxsPSIjMDAwIiBjeD0iMjQ5IiBjeT0iMTcyIiByPSIxMDAiLz4KICAgIDwvZz4KPC9zdmc+Cg==&#8220; position=&#8220;Hardware&#8220; _builder_version=&#8220;4.7.4&#8243; _module_preset=&#8220;default&#8220; hover_enabled=&#8220;0&#8243; sticky_enabled=&#8220;0&#8243;]<p><span style=\"font-weight: 400;\">Max hat Theaterwissenschaften und Maschinenbau studiert. In seiner berufliche T\u00e4tigkeit in der Entwicklung medizintechnischer Ger\u00e4te begeistert ihn vor allem, wie einzelne kleine Ideen mit der richtigen Umsetzung eine gro\u00dfe Wirkung auf andere Menschen haben k\u00f6nnen. Max konstruiert und \u00fcberarbeitet die elektronischen Schaltungen und Ger\u00e4teteile bei EyeCaptain. <\/span><\/p>\n[\/et_pb_team_member][et_pb_team_member name=&#8220;Markus H\u00f6rmann&#8220; image_url=&#8220;http:\/\/eyecaptain.de\/wp-content\/uploads\/2021\/04\/IMG_0943.jpg&#8220; position=&#8220;Software&#8220; _builder_version=&#8220;4.7.4&#8243; _module_preset=&#8220;default&#8220; hover_enabled=&#8220;0&#8243; sticky_enabled=&#8220;0&#8243; title_text=&#8220;Dr. Markus H\u00f6rmann&#8220;]<p><span style=\"font-weight: 400;\">Im Rahmen seiner Promotion in p\u00e4dagogischer Psychologie faszinierte Markus Eyetracking als Technologie, die Menschen unterst\u00fctzen kann. Als Softwareentwickler sieht er in deren Nutzung eine gro\u00dfe Chance, damit gesellschaftliche H\u00fcrden zu \u00fcberwinden. Zusammen mit Max hatte er 2017 die Idee f\u00fcr EyeCaptain. Markus ist bei EyeCaptain hauptverantwortlich f\u00fcr die Softwareentwicklung.<\/span><\/p>\n[\/et_pb_team_member][et_pb_team_member name=&#8220;Hannah Ricksgers &#8220; image_url=&#8220;http:\/\/eyecaptain.de\/wp-content\/uploads\/2021\/04\/IMG_0962.jpg&#8220; position=&#8220;Kooperationen&#8220; _builder_version=&#8220;4.7.4&#8243; _module_preset=&#8220;default&#8220; hover_enabled=&#8220;0&#8243; sticky_enabled=&#8220;0&#8243; title_text=&#8220;Hannah Ricksgers&#8220;]<p><span style=\"font-weight: 400;\">Nach Abschluss der Studieng\u00e4nge Gesundheitsp\u00e4dagogik und Public Health besch\u00e4ftigen Hannah in ihrer T\u00e4tigkeit als Sozialp\u00e4dagogische Familienhilfe die unterschiedlichen Lebensbedingungen von Familien und Jugendlichen. Damit EyeCaptain eng an den Bed\u00fcrfnissen der Zielgruppe ausgerichtet ist, k\u00fcmmert sich Hannah schwerpunktm\u00e4\u00dfig um den Aufbau eines Netzwerks zu potenziellen Nutzer:innen und relevanten Institutionen (z.B. Gesundheitseinrichtungen, Forschungsinstitute, Beratungsstellen, Wohlfahrtsverb\u00e4nden).<\/span><\/p>\n[\/et_pb_team_member][et_pb_team_member name=&#8220;Jana Tempes&#8220; image_url=&#8220;http:\/\/eyecaptain.de\/wp-content\/uploads\/2021\/04\/IMG_0980.jpg&#8220; position=&#8220;Projektkoordination&#8220; _builder_version=&#8220;4.7.4&#8243; _module_preset=&#8220;default&#8220; hover_enabled=&#8220;0&#8243; sticky_enabled=&#8220;0&#8243; title_text=&#8220;Jana Tempes&#8220; position__hover_enabled=&#8220;off|desktop&#8220;]<p><span style=\"font-weight: 400;\">Als Gesundheitsp\u00e4dagogin und Gesundheitswissenschaftlerin besch\u00e4ftigt sich Jana in ihrer Doktorarbeit mit dem Thema Chancengleichheit in der Gesundheitsversorgung. Zus\u00e4tzlich unterst\u00fctzt sie im sozialp\u00e4dagogischen Bereich Menschen beim Arbeitsmarktzugang. Jana ist bei EyeCaptain f\u00fcr den Bereich Fundraising zust\u00e4ndig und k\u00fcmmert sich um die bedarfsgerechte Vermittlung technischer L\u00f6sungen f\u00fcr Betroffene und Multiplikator:innen.<\/span><\/p>\n[\/et_pb_team_member][et_pb_team_member name=&#8220;Jonas Trittler&#8220; image_url=&#8220;http:\/\/eyecaptain.de\/wp-content\/uploads\/2021\/04\/IMG_1009.jpg&#8220; position=&#8220;Software&#8220; _builder_version=&#8220;4.7.4&#8243; _module_preset=&#8220;default&#8220; hover_enabled=&#8220;0&#8243; sticky_enabled=&#8220;0&#8243; title_text=&#8220;IMG_1009&#8243; position__hover_enabled=&#8220;off|desktop&#8220;]<p><span style=\"font-weight: 400;\">Jonas hat schon immer gerne Ideen umgesetzt und mit Technologien experimentiert. Daher ist EyeCaptain f\u00fcr ihn eine ideale M\u00f6glichkeit Neues auszuprobieren und dabei einen positiven Impact zu schaffen. Als studierter Softwareentwickler unterst\u00fctzt er bei EyeCaptain die Konzeption und Entwicklung der Prototypen und bringt bei Tests mit Anwender:innen hilfreiche Ideen mit ein. <\/span><\/p>\n[\/et_pb_team_member][\/et_pb_column][\/et_pb_row][\/et_pb_section][et_pb_section fb_built=&#8220;1&#8243; _builder_version=&#8220;4.7.4&#8243; _module_preset=&#8220;default&#8220;][et_pb_row column_structure=&#8220;1_2,1_2&#8243; _builder_version=&#8220;4.7.4&#8243; _module_preset=&#8220;default&#8220;][et_pb_column type=&#8220;1_2&#8243; _builder_version=&#8220;4.7.4&#8243; _module_preset=&#8220;default&#8220;][et_pb_image src=&#8220;http:\/\/eyecaptain.de\/wp-content\/uploads\/2018\/06\/GRUPPE_WEB.jpg&#8220; title_text=&#8220;GRUPPE_WEB&#8220; _builder_version=&#8220;4.7.4&#8243; _module_preset=&#8220;default&#8220;][\/et_pb_image][\/et_pb_column][et_pb_column type=&#8220;1_2&#8243; _builder_version=&#8220;4.7.4&#8243; _module_preset=&#8220;default&#8220;][et_pb_code _builder_version=&#8220;4.7.4&#8243; _module_preset=&#8220;default&#8220;]<a name=\"kontakt\"><\/a>[\/et_pb_code][et_pb_contact_form use_spam_service=&#8220;on&#8220; recaptcha_list=&#8220;eyecaptain-markus-gmail|eyecaptain-markus-gmail-0&#8243; recaptcha_min_score=&#8220;0.3&#8243; title=&#8220;Du willst auch ein EyeCaptain werden? Schreib uns!&#8220; success_message=&#8220;Vielen Dank f\u00fcr Deine Nachricht, wir melden uns bald bei Dir!&#8220; submit_button_text=&#8220;Abschicken!&#8220; _builder_version=&#8220;4.7.4&#8243; _module_preset=&#8220;default&#8220; title_text_align=&#8220;center&#8220; title_line_height=&#8220;1.9em&#8220; hover_enabled=&#8220;0&#8243; sticky_enabled=&#8220;0&#8243;][et_pb_contact_field field_id=&#8220;Name&#8220; field_title=&#8220;Name&#8220; _builder_version=&#8220;3.16&#8243; button_text_size__hover_enabled=&#8220;off&#8220; button_one_text_size__hover_enabled=&#8220;off&#8220; button_two_text_size__hover_enabled=&#8220;off&#8220; button_text_color__hover_enabled=&#8220;off&#8220; button_one_text_color__hover_enabled=&#8220;off&#8220; button_two_text_color__hover_enabled=&#8220;off&#8220; button_border_width__hover_enabled=&#8220;off&#8220; button_one_border_width__hover_enabled=&#8220;off&#8220; button_two_border_width__hover_enabled=&#8220;off&#8220; button_border_color__hover_enabled=&#8220;off&#8220; button_one_border_color__hover_enabled=&#8220;off&#8220; button_two_border_color__hover_enabled=&#8220;off&#8220; button_border_radius__hover_enabled=&#8220;off&#8220; button_one_border_radius__hover_enabled=&#8220;off&#8220; button_two_border_radius__hover_enabled=&#8220;off&#8220; button_letter_spacing__hover_enabled=&#8220;off&#8220; button_one_letter_spacing__hover_enabled=&#8220;off&#8220; button_two_letter_spacing__hover_enabled=&#8220;off&#8220; button_bg_color__hover_enabled=&#8220;off&#8220; button_one_bg_color__hover_enabled=&#8220;off&#8220; button_two_bg_color__hover_enabled=&#8220;off&#8220;][\/et_pb_contact_field][et_pb_contact_field field_id=&#8220;Email&#8220; field_title=&#8220;E-Mail-Adresse&#8220; field_type=&#8220;email&#8220; _builder_version=&#8220;3.16&#8243; button_text_size__hover_enabled=&#8220;off&#8220; button_one_text_size__hover_enabled=&#8220;off&#8220; button_two_text_size__hover_enabled=&#8220;off&#8220; button_text_color__hover_enabled=&#8220;off&#8220; button_one_text_color__hover_enabled=&#8220;off&#8220; button_two_text_color__hover_enabled=&#8220;off&#8220; button_border_width__hover_enabled=&#8220;off&#8220; button_one_border_width__hover_enabled=&#8220;off&#8220; button_two_border_width__hover_enabled=&#8220;off&#8220; button_border_color__hover_enabled=&#8220;off&#8220; button_one_border_color__hover_enabled=&#8220;off&#8220; button_two_border_color__hover_enabled=&#8220;off&#8220; button_border_radius__hover_enabled=&#8220;off&#8220; button_one_border_radius__hover_enabled=&#8220;off&#8220; button_two_border_radius__hover_enabled=&#8220;off&#8220; button_letter_spacing__hover_enabled=&#8220;off&#8220; button_one_letter_spacing__hover_enabled=&#8220;off&#8220; button_two_letter_spacing__hover_enabled=&#8220;off&#8220; button_bg_color__hover_enabled=&#8220;off&#8220; button_one_bg_color__hover_enabled=&#8220;off&#8220; button_two_bg_color__hover_enabled=&#8220;off&#8220;][\/et_pb_contact_field][et_pb_contact_field field_id=&#8220;Message&#8220; field_title=&#8220;Deine Nachricht an uns: schreib uns ein paar Zeilen &#8230; &#8220; field_type=&#8220;text&#8220; fullwidth_field=&#8220;on&#8220; _builder_version=&#8220;4.7.4&#8243; button_text_size__hover_enabled=&#8220;off&#8220; button_one_text_size__hover_enabled=&#8220;off&#8220; button_two_text_size__hover_enabled=&#8220;off&#8220; button_text_color__hover_enabled=&#8220;off&#8220; button_one_text_color__hover_enabled=&#8220;off&#8220; button_two_text_color__hover_enabled=&#8220;off&#8220; button_border_width__hover_enabled=&#8220;off&#8220; button_one_border_width__hover_enabled=&#8220;off&#8220; button_two_border_width__hover_enabled=&#8220;off&#8220; button_border_color__hover_enabled=&#8220;off&#8220; button_one_border_color__hover_enabled=&#8220;off&#8220; button_two_border_color__hover_enabled=&#8220;off&#8220; button_border_radius__hover_enabled=&#8220;off&#8220; button_one_border_radius__hover_enabled=&#8220;off&#8220; button_two_border_radius__hover_enabled=&#8220;off&#8220; button_letter_spacing__hover_enabled=&#8220;off&#8220; button_one_letter_spacing__hover_enabled=&#8220;off&#8220; button_two_letter_spacing__hover_enabled=&#8220;off&#8220; button_bg_color__hover_enabled=&#8220;off&#8220; button_one_bg_color__hover_enabled=&#8220;off&#8220; button_two_bg_color__hover_enabled=&#8220;off&#8220;][\/et_pb_contact_field][et_pb_contact_field field_id=&#8220;Field_4&#8243; field_title=&#8220;Wie hast Du von uns erfahren?&#8220; required_mark=&#8220;off&#8220; fullwidth_field=&#8220;on&#8220; _builder_version=&#8220;4.7.4&#8243; _module_preset=&#8220;default&#8220;][\/et_pb_contact_field][\/et_pb_contact_form][\/et_pb_column][\/et_pb_row][\/et_pb_section][et_pb_section fb_built=&#8220;1&#8243; _builder_version=&#8220;4.7.4&#8243; _module_preset=&#8220;default&#8220;][et_pb_row _builder_version=&#8220;4.7.4&#8243; _module_preset=&#8220;default&#8220;][et_pb_column type=&#8220;4_4&#8243; _builder_version=&#8220;4.7.4&#8243; _module_preset=&#8220;default&#8220;][et_pb_text _builder_version=&#8220;4.7.4&#8243; _module_preset=&#8220;default&#8220;]<center>\n<p style=\"color: black; font-weight: bold;\">Gef\u00f6rdert vom<\/p>\n<img decoding=\"async\" src=\"http:\/\/eyecaptain.de\/wp-content\/uploads\/2020\/11\/800px-BMBF_Logo.svg_.png\" style=\"display: block; margin-left: auto; margin-right: auto; width:80%; max-width:350px\" alt=\"\"\/><\/center>[\/et_pb_text][\/et_pb_column][\/et_pb_row][\/et_pb_section]\n","protected":false},"excerpt":{"rendered":"","protected":false},"author":2,"featured_media":0,"parent":0,"menu_order":0,"comment_status":"closed","ping_status":"closed","template":"","meta":{"_et_pb_use_builder":"on","_et_pb_old_content":"<h3><strong>EyeCaptain<\/strong><\/h3>\r\n<img class=\"wp-image-204 alignleft\" src=\"http:\/\/eyecaptain.de\/wp-content\/uploads\/2018\/06\/GRUPPE_WEB-1024x686.jpg\" alt=\"\" width=\"600\" height=\"402\" \/>\r\n\r\nEin Foto haben wir schon - demn\u00e4chst stellen wir Euch dann alle Kapit\u00e4ne n\u00e4her vor. Ihr wollt Kontakt zu uns aufnehmen? Dann schickt doch eine Mail an <strong>info [at] eyecaptain.de<\/strong> oder nutzt unser <a href=\"https:\/\/eyecaptain.de\/kontakt\/\">Kontaktformular.<\/a>\r\n<h3><\/h3>\r\n<h3><\/h3>\r\n<h3><\/h3>\r\n<h3><\/h3>\r\n<h3><\/h3>\r\n<h3><\/h3>\r\n<h3><\/h3>\r\n<h3><\/h3>\r\n<h3><\/h3>\r\n<h3><strong>Advisory Board<\/strong><\/h3>\r\nEyeCaptain soll von Beginn an partizipativ werden. Wir wollen die Augen und Ohren offen halten - um nicht nur zu handeln, sondern auch zu wirken! Deshalb formieren wir gerade ein Advisory Board dem Menschen mit unterschiedlichsten Erfahrungen angeh\u00f6ren sollen - we keep you posted!","_et_gb_content_width":"","footnotes":""},"class_list":["post-157","page","type-page","status-publish","hentry"],"_links":{"self":[{"href":"https:\/\/eyecaptain.de\/index.php?rest_route=\/wp\/v2\/pages\/157","targetHints":{"allow":["GET"]}}],"collection":[{"href":"https:\/\/eyecaptain.de\/index.php?rest_route=\/wp\/v2\/pages"}],"about":[{"href":"https:\/\/eyecaptain.de\/index.php?rest_route=\/wp\/v2\/types\/page"}],"author":[{"embeddable":true,"href":"https:\/\/eyecaptain.de\/index.php?rest_route=\/wp\/v2\/users\/2"}],"replies":[{"embeddable":true,"href":"https:\/\/eyecaptain.de\/index.php?rest_route=%2Fwp%2Fv2%2Fcomments&post=157"}],"version-history":[{"count":11,"href":"https:\/\/eyecaptain.de\/index.php?rest_route=\/wp\/v2\/pages\/157\/revisions"}],"predecessor-version":[{"id":745,"href":"https:\/\/eyecaptain.de\/index.php?rest_route=\/wp\/v2\/pages\/157\/revisions\/745"}],"wp:attachment":[{"href":"https:\/\/eyecaptain.de\/index.php?rest_route=%2Fwp%2Fv2%2Fmedia&parent=157"}],"curies":[{"name":"wp","href":"https:\/\/api.w.org\/{rel}","templated":true}]}}